*v. Let w(p) = 1 + p**2 + p + 10*p - 4*p. Calculate w(s).
-5
Let g(z) = -5*z + 7. Let f be 74/(-14) + 4/14 - -7. Give g(f).
-3
Let u(f) = 2*f + 3. Let p(n) = 3*n + 0*n + 2 - 6*n. Let y = 21 + -19. Let k be p(y). Calculate u(k).
-5
Let z be (2 - (-4)/(-2)) + 5. Let p = z - 10. Let w(m) = m + 6. Let g(h) = -1. Let v(k) = -3*g(k) + w(k). Determine v(p).
4
Suppose -2*h - 4 = 2*h. Let v(l) be the third derivative of 7*l**4/24 + l**3/6 + 2*l**2 - 89*l. Determine v(h).
-6
Let f(d) be the second derivative of -1/60*d**5 + 1/2*d**2 + 0 + 0*d**3 + d - 1/24*d**4. Let b(j) be the first derivative of f(j). Calculate b(-1).
0
Let c(h) = 3*h + 2. Let u = 0 + 2. Let f be c(u). Suppose 4*v = f*v - l + 4, 0 = -4*v + 5*l - 4. Let t(q) = 8*q**3 + 2*q**2 - 1. Give t(v).
-7
Let y(r) = -1 - r**3 - 3*r**2 - 3*r**2 + 6. Let g be y(-6). Suppose -7*h = -g*h + 4. Let l(n) = -2*n**2 - n - 2. Determine l(h).
-8
Let o(b) = b**3 + 5*b**2 + 4*b - 2. Let s(c) = 26*c + 74. Let n be s(-3). Determine o(n).
-2
Let g(a) = a**3 + 4*a**2 + 2*a. Suppose -68*m = -7*m + 183. Determine g(m).
3
Let o(w) = w**3 + 3*w**2 + 2*w. Let b be 0 + 679/28 + 2/(-8). Let y be ((-2)/3 - -2)*(-36)/b. What is o(y)?
0
Let c(g) be the third derivative of 1/24*g**4 - g**2 + 0*g + 7/6*g**3 + 0 + 1/60*g**5. Let j(u) be the first derivative of c(u). Give j(6).
13
Let x(d) be the second derivative of -2*d**3/3 - d**2 + 23*d - 2. Determine x(2).
-10
Let q(m) be the third derivative of -m**6/120 + m**5/10 - m**4/8 - 5*m**3/6 - 209*m**2. Give q(5).
5
Let d(u) be the third derivative of u**4/24 + 19*u**3/6 - 182*u**2. Give d(-10).
9
Let j(o) = -15*o + 8. Let s be j(1). Let i(c) = c**2 + 8*c - 1. Calculate i(s).
-8
Suppose -7*z - 9*z + 64 = 0. Let w(a) = -a**2 + 5*a. Let s be w(4). Let b(n) = n**3 + 2*n**2 - 5*n**2 + 3*n**2 - s*n + z*n**2 - 6. Determine b(-4).
10
Suppose 0*j = -j - 14. Suppose -4*b - 384 = 28*b. Let n = j - b. Let o(g) = -3*g + 1. Give o(n).
7
Let t(f) = -2*f + 3*f - 5 - 7 - f**2 + 11. Let r = -10 + 6. Let i be ((-2)/(-3))/(r/(-6)). Calculate t(i).
-1
Let n = 663 + -659. Let i(z) = 6*z + 0 - 3 - 2*z. Determine i(n).
13
Let y(r) be the second derivative of 0 + 1/12*r**4 + 5/2*r**2 + 2*r + 7/6*r**3. Calculate y(-7).
5
Let t(h) = 7*h**2 + 13*h + 12. Let c(y) = -y**2 - 2*y - 2. Let a(g) = -6*c(g) - t(g). What is a(7)?
-56
Let m(a) = a + 1. Let r be (-21)/84 + 26/8. Suppose 0 = -r*f + 6*f - 12. What is m(f)?
5
Let f(v) be the second derivative of v**5/20 - v**4/3 + v**3/3 + v**2 + 7*v. Let y be f(3). Let l be y - (1 + 4/1). Let w(p) = p**2 + 5*p - 6. What is w(l)?
0
Let h(x) = -7*x - 6. Let f(s) = 13*s + 13. Let a(m) = -2*f(m) - 5*h(m). What is a(-2)?
-14
Let c(g) = 4*g + 2*g + g**2 + 4*g + 2 - 13*g. Let k(a) be the second derivative of a**3/6 + 11*a**2/2 - 4*a. Let j be k(-9). Determine c(j).
0
Suppose -36 = -4*q + 3*f, 4*q = 4*f + 2 + 34. Let d(i) = i**2 - 10*i + 18. What is d(q)?
9
Let k(a) = 10*a**2 - a - 2. Let u(y) = -9*y**2 + 1. Let q(d) = 2*k(d) + 3*u(d). Let i = -6742 - -6741. Determine q(i).
-6
Let w(v) = -v**2 - 2*v + 1. Let m(u) = -11*u + 3. Let b(s) = -m(s) + w(s). Give b(7).
12
Let i(z) = z**2 + 2*z + 3. Let b be ((-1)/(-3) - 1) + (-28)/21. What is i(b)?
3
Let a(r) = -6*r**2 + r + 1. Let t(j) = 3*j**2 + 2*j - 14. Let i(z) = 4*z**2 + 2*z - 14. Let o(u) = 2*i(u) - 3*t(u). Let k be o(-5). What is a(k)?
-6
Suppose -27 = -22*a + 13*a. Suppose a*u = 2 + 10. Let n(p) = -p**2 + 5*p - 4. What is n(u)?
0
Let c(u) = -u**3 + 8*u**2 - 7*u - 1. Let z be c(7). Let k be (-4 + 1)/z*-1. Let p(i) = i**2 + 3*i + 2. What is p(k)?
2
Suppose -20*i + 21*i - 2 = 0. Let r(l) = 2*l**3 + 7*l**2 - 2*l - 5. Let a(w) = -3*w**3 - 13*w**2 + 4*w + 9. Let b(m) = -3*a(m) - 5*r(m). Calculate b(i).
2
Let i = -45 + 38. Let n(x) = -8*x**3 + 10*x**2 - 2*x - 6. Let c(y) = 7*y**3 - 9*y**2 + 2*y + 5. Let w(a) = i*c(a) - 6*n(a). Determine w(1).
1
Let v(m) be the third derivative of m**5/60 - m**4/3 + 25*m**3/6 + 24*m**2 + 7*m. What is v(3)?
10
Let f(k) = -k - 3. Let r(h) = 2*h + 6. Let l(o) = 5*f(o) + 2*r(o). Let m be l(10). Let p(a) = -a - 12. Let i be p(m). Let u(c) = c**2 - c + 1. Determine u(i).
1
Let b = -2 - -3. Let c(z) = -63*z**2 + 123*z**2 - 2*z - 63*z**2 + z. What is c(b)?
-4
Let d(w) = -13*w - 1. Let g(k) = -k**2 + 27*k - 26. Let o(l) = -d(l) - g(l). Determine o(13).
14
Let m be -1*(2 - (0 - -2)). Let q be (35/1)/(m + 1). Let c(n) = 36*n**3 - 10*n - q*n**3 + 4*n + 7 + 5*n**2. What is c(-6)?
7
Let v(a) = -a**3 + 52 - 5*a**2 - 99 - a**2 + 52 - 4*a. Let u be ((-4)/10)/(3/(-15)). Suppose -u*i + 10 = -4*i. Calculate v(i).
0
Let j(d) = -3*d**2 - 6*d - 6. Let l(m) = -4*m**2 - 9*m - 8. Let k(y) = -3*j(y) + 2*l(y). Suppose t - 3 = -0*t. Calculate k(t).
11
Let w(s) = -4*s + 5. Let m(x) = 9*x - 11. Let f(z) = 2*m(z) + 5*w(z). Suppose -10*h + 14*h - 4*l - 164 = 0, -2*l - 38 = -h. Let u = h - 49. Calculate f(u).
13
Let c be (-28)/(-12) + 4/6. Let n be 1/(1/c + (-8)/(-48)). Let g(j) = -j**3 + j**2 - 2*j + 2. Determine g(n).
-6
Let k(b) = -1 - 2*b - 3 + 0. Suppose 2*o + 0 = 2*t + 4, 10 = 5*o + 5*t. Suppose o*h + 0*h + 10 = 0. Determine k(h).
6
Suppose -5*v = 2*p - 9, -4*v = -2*p + 1 - 19. Suppose -v*u = u - 20. Let b(w) be the second derivative of w**3/6 - w**2/2 + 5*w. Calculate b(u).
4
Let f(z) be the third derivative of z**4/24 + 4*z**3/3 + 15*z**2 + 5. Determine f(-8).
0
Suppose 0 = -5*z - 0*z - 60. Let y be (z/(-9))/((-4)/(-6)). Suppose v + 4*m = -4, -3*v - 5*m = y*v + 20. Let f(h) = -h**3 - 5*h**2 - 7*h - 4. Calculate f(v).
8
Let l(v) = v + 1. Let b(c) = -3*c + 8. Let j(o) = b(o) + 4*l(o). What is j(-5)?
7
Let w(m) = 3*m. Let i(c) = -c**2 - 4*c + 3. Let x be i(-3). Suppose -4*a + a - x = 0. Give w(a).
-6
Let o(u) = -78*u + 611. Let k be o(8). Let z(y) = -y**2 - 13*y - 1. Give z(k).
-1
Let b(v) = -v**2 + 9*v - 12. Let n(d) = 6*d - 185. Let s be n(32). What is b(s)?
2
Let v(j) = 24*j**2 + 3. Let p(i) = 35*i**2 + 4. Let d(q) = 5*p(q) - 7*v(q). Determine d(-1).
6
Let u(w) = -w**3 - w**2 - w. Suppose 4*o - 4 = 8. Suppose -5*z - 13 = -o. Determine u(z).
6
Suppose 5*b = 2*b + 15. Suppose b + 7 = 3*w. Let a(j) = -5*j**2 - 3*j + 1. Let z(t) = 8*t**2 + 7*t - 1. Let h(g) = 5*a(g) + 3*z(g). Calculate h(w).
10
Let y(z) be the first derivative of 2*z - 1/2*z**2 + 9. Give y(4).
-2
Let s(x) = -4*x**2 - 60*x + 6. Let b be s(-15). Let p(r) = r**3 - 4*r**2 - 7*r - 6. Give p(b).
24
Let z(q) = 41*q + q**2 - 24*q + 3 - 9*q. What is z(-3)?
-12
Suppose 0 = -i - 4, 3*g + i + 25 = 9. Let u(l) = -5*l**3 + 5*l**2 + l - 1. Let k(j) = 3*j**3 - 2*j**2 + 1. Let t(a) = 7*k(a) + 4*u(a). Calculate t(g).
19
Suppose 5*z - 4*y - 17 + 1 = 0, -5 = -z - y. Suppose 0*x = z*x - 8. Let c(v) = -v**3 + 2*v**2. Calculate c(x).
0
Let z(j) be the third derivative of -j**6/120 - 7*j**5/60 - 7*j**4/24 - 2*j**3/3 + 2*j**2 + j. What is z(-6)?
2
Suppose 0 = -y + 2*k, -5*k + 22 = 2*y + y. Let h(r) = -3 + y*r - 3*r + 7. Suppose -3*t + 2*t = 3. Give h(t).
1
Let h(o) = -4*o + 1. Let a be -2*(3 - 7/2). Suppose -5*x = -9 - a. Suppose 5*p + 10 = -15, -x*i + 5*p + 23 = 0. Give h(i).
5
Let v(l) = -l**3 + 4*l**2 + 6*l - 5. Let f be 2/9 + (-16)/(-9). Let r be ((-11)/3 + f)*-3. Calculate v(r).
0
Suppose 4*d = -5*j + 24 + 2, -2*d = -3*j - 24. Suppose 4*q - 18 = d*q - 2*h, 12 = -2*q + 2*h. Let l(g) = -2*g**3 - 3*g**2 - 3*g - 3. What is l(q)?
7
Let v(r) be the third derivative of -r**5/60 + r**4/24 + r**3 - 85*r**2 - 2. Let o = 1 - -4. Suppose 0 = 4*l - o*j - 8 - 2, -4*j + 23 = 3*l. Calculate v(l).
-14
Let y(i) = 12*i**2 - 12*i + 11. Let c be y(1). Let k(m) = 2*m - 15. What is k(c)?
7
Let i(j) = -8. Let g(m) = 22*m - 92. Let u(v) = -g(v) + 12*i(v). Calculate u(-2).
40
Let d(a) = 138296*a**2 - 138297*a**2 + 7*a + 1 + a. Let s(w) = w**3 - 5*w**2 + 6*w - 1. Let b be s(4). Determine d(b).
8
Let l(g) = 2*g**3 + 10*g**2 - g - 3. Let i(d) = -5*d**3 - 21*d**2 + d + 7. Let b(r) = -3*i(r) - 7*l(r). Give b(6).
-12
Let d(c) = -6*c + 66. Let v(w) = w - 13. Let l(q) = 3*d(q) + 16*v(q). Let u = -356 + 349. What is l(u)?
4
Let j = -8422 - -8420. Let f(z) = -4*z - z**2 + z + 2*z + z**3 + 1. Let n(c) = 6*c**3 - 2*c**2 - c + 7. Let x(h) = 5*f(h) - n(h). Determine x(j).
2
Let t = -31 + 57. Suppose -3*h + 2*h + 5*o = -22, t = 5*h + 3*o. Let y(w) = w**2 - 8*w + 5. Give y(h).
-2
Let r(k) = -k**2 + 12 + 2*k**2 - 39*k 